e?
True
Let f(p) be the first derivative of -1459*p**5/20 + p**4/12 - p**2/2 + 5*p - 1. Let n(h) be the first derivative of f(h). Is n(-1) a prime number?
True
Let o(c) = -c**3 + 31*c**2 - 5*c + 158. Is o(27) a composite number?
False
Suppose 11*y - 14*y + 9 = 0. Suppose -40 = -5*z + y*z. Suppose 379 = -2*n - t + 2065, 0 = -5*t + z. Is n prime?
False
Suppose 3069*k = 2989*k + 61714160. Is k a prime number?
True
Suppose 0 = 2*a - 5*j - 34756, -7*j - 69440 = -4*a - 9*j. Is a a prime number?
False
Suppose 0 = 3*v + 3360 - 18714. Suppose 2*w - 70 = -5*b, 5*b - 2*w - w - 45 = 0. Suppose -6*y = -b*y + v. Is y composite?
False
Let f be (1 + -9)/(0 - -2). Let l be (-72)/(-45) - f/10. Suppose j = l*j - 889. Is j composite?
True
Is 1741576/(-4)*((-406)/28 - -14) a prime number?
True
Let r(h) = -10*h - 4. Let j be r(-1). Let x be (-221636)/(-30) + j/45. Is x/(-10)*(-100)/40 a prime number?
True
Suppose 63*i - 52*i = 32*i - 15356019. Is i a composite number?
True
Let t(q) be the second derivative of 535*q**3/3 + 141*q**2/2 - 134*q. Is t(12) prime?
False
Suppose -13391 - 269 = -20*g. Let u = g + 1466. Is u a composite number?
True
Suppose -309*c = -323*c + 56. Suppose 14040 = 4*y - 0*y. Is y/4 + 1*2/c prime?
False
Suppose 0 = 3*x - 2*j - 25, 2*j = 23*x - 22*x - 15. Suppose -5*q + 7821 - 1411 = x*b, 2*q + 2568 = 2*b. Is b a composite number?
False
Let j = -24 - -26. Suppose -1891 - 6441 = j*t. Let o = 6325 + t. Is o composite?
True
Suppose -31*k - 30 = -21*k. Is 16054 - (8/(-4) - k) prime?
False
Let t be 9/6*(-4)/(-3). Suppose -3*f = t*o - 10, 5*f + 4*o - 17 = o. Suppose 0 = f*s + 4*p - 2728, 0*s + s - 684 = -3*p. Is s a prime number?
False
Let w(a) = -16*a - 395. Let t be w(-25). Suppose 3*p - 6808 = u, -11331 - 4 = -t*p + 4*u. Is p composite?
True
Let t be (-2)/21*3*-7. Let f be t/(((-3)/(-2748))/(-1)). Is (2 - -1) + (-14 - f) a composite number?
True
Let l(h) = -17*h - 337. Let s be l(-20). Is (-8 + (-118398)/(-18))*s composite?
False
Let y(g) = 52*g - 225*g + 7 + 26. Is y(-18) a prime number?
False
Let r be (-122)/(-4)*(-240)/8. Let k = -894 - -2444. Let w = r + k. Is w a prime number?
False
Let b(o) = -1151206*o - 663. Is b(-1) prime?
False
Suppose 14*w - 41 - 15 = 0. Suppose 862 = 2*q + 4*z, 5*q - 965 = -w*z + 1208. Is q a composite number?
True
Let x(m) = 366*m**2 - 20 - 4*m + 2*m + 3*m + 22. Let z be x(-2). Let t = z - 817. Is t a composite number?
False
Let d(z) = -z**2 - 33*z - 179. Let c be d(-26). Suppose 5*g - 1478 = g + 2*k, -2*g - 3*k + 743 = 0. Suppose c*b + 0*j = j + g, -j = b - 118. Is b prime?
False
Let v = -149469 - -590872. Is v a prime number?
True
Let i(g) = 306*g - 17. Let h be 6/(-8)*(-8)/1. Suppose -y - 2 = 0, v - 3*y + h = 3*v. Is i(v) composite?
True
Let i(d) = 1429*d**3 - d**2 - 2*d - 1. Let g be ((-7)/(-14) - -1)*(-8)/(-6). Is i(g) a composite number?
False
Let t(r) = 495*r**2 - 2*r + 33. Let u be t(-7). Suppose -15*v + u + 26173 = 0. Is v a composite number?
True
Suppose 39*t - 31*t - 7904 = 0. Suppose 0 = b - 835 - t. Is b composite?
False
Suppose -4*t + u - 231965 = -9*t, 0 = u. Is t a composite number?
True
Let y(n) be the second derivative of -n**5/20 + 7*n**4/6 - 5*n**3/2 - 13*n**2/2 - n. Is y(6) a prime number?
False
Let l = 162252 - -7637. Is l a prime number?
True
Suppose -152 = -33*h + 211. Suppose 1954 + 63705 = h*l. Is l prime?
False
Suppose -4*u = u - 2*y + 30, 4*u + 22 = 2*y. Let g = -6 - u. Let d(q) = 55*q**3 + q**2 - 1. Is d(g) a composite number?
False
Let v be (-10)/4*(-12)/30. Is (v - (8 + -5))*10594/(-4) a composite number?
False
Suppose -126*u - 49104 = -118*u. Let c = u - -15077. Is c a prime number?
False
Suppose 2*x + 11393 = 3*f + 84154, -2*x = 3*f - 72779. Let w be x/57 + 2/3. Suppose 4*p - 2147 + w = 0. Is p composite?
True
Suppose 0*k + 4*k + b = 231874, -k + 3*b + 57962 = 0. Suppose 3*m - k = -3*f + 2*m, -5*m = 2*f - 38654. Is f composite?
True
Is (-81)/(-12) + (-24)/4 - 14254422/(-24) a composite number?
True
Let p(r) be the second derivative of 3*r**5/20 - r**4/6 + 2*r**3/3 + r**2/2 + 7*r. Let m be (-9 - -10)*(-4 + 8). Is p(m) prime?
False
Suppose 5140 - 20390 = -n. Let p = n + -10679. Is p composite?
True
Suppose 2*s - 45869 = 5*i, 0 = -34*s + 29*s - 3*i + 114688. Is s prime?
True
Let p(h) be the second derivative of 9*h**4/4 + 17*h**3/2 - 133*h**2/2 + 97*h. Is p(30) a prime number?
False
Let f = -414762 + 632691. Is f a prime number?
False
Let j = 440 - 570. Is (-283205)/j + (1 - 1/2) a composite number?
False
Let i(z) = z**2 - 3 - 14*z - 5*z + 25*z. Let q be i(-7). Suppose 445 + 7 = q*d. Is d a prime number?
True
Suppose -3*t + 7 = 1. Suppose -t*l - 62 = 3*d, 3*l + 2*l = 3*d + 76. Let b(r) = r**3 + 23*r**2 - 21*r + 47. Is b(d) a composite number?
True
Let d = -73306 + 105075. Is d prime?
True
Suppose -4*d - 5*v + 19 - 24 = 0, -4*d + 5*v = -5. Suppose -9*b - 10*b + 10887 = d. Is b prime?
False
Let c(t) = 724*t**2 + 86*t - 2401. Is c(19) a prime number?
False
Suppose 787517 + 25729 = 7*u - 207361. Is u prime?
False
Let n be 0*(-5 - 77/(-14)). Suppose n = -6*r + 4*r + 157346. Is r a prime number?
False
Suppose -2*w + 5*g = -50534, -2*w + g + 58906 = 8388. Suppose 72*h = 69*h + w. Is h composite?
False
Let y(i) = 1836*i - 1507. Is y(84) prime?
True
Suppose -11440 = 11*i - 122232. Suppose -3534 = 7*c - i. Is c prime?
False
Suppose 2109443 + 111286263 = 122*n. Is n prime?
False
Suppose -204*g = -206*g + 6. Suppose -150 - 1007 = -3*q + 5*z, -5*q = -g*z - 1907. Is q a composite number?
False
Is -3 + (10 - 14) + 43698 prime?
True
Let c(x) = 388*x + 53. Let h(p) = 3*p + 2. Let f(n) = c(n) + 4*h(n). Is f(7) a prime number?
True
Let w(h) = -2*h**2 - 34*h - 4. Let y be w(23). Let l = 637 - y. Is l a composite number?
True
Let d = 10186 + 16671. Is d composite?
True
Let r be -3*33/(-9) + -7. Suppose 350 + 1131 = 5*g - 4*a, -g = r*a - 277. Is g a prime number?
True
Let o = 1 + 0. Suppose -k - o = -6. Suppose -2*w - 3*b + 1156 = -k*b, -3*b + 1704 = 3*w. Is w a prime number?
False
Is (150 + -1)*-1*(6 + (-6359)/1) prime?
False
Let i(c) = -c**2 + 7*c + 4. Let l be i(5). Suppose -l*r + 20*r - 4578 = 0. Suppose r = -2*n + 2337. Is n composite?
False
Suppose -155 = -3*t - 1427. Let b(c) = -19*c**3 - 4*c**2 - 2*c + 7. Let j be b(-4). Let m = t + j. Is m prime?
True
Suppose 32*k - 3582632 = 11*k + 8730739. Is k prime?
False
Let y be (9 - -646)*242/(-5 - -3). Let o = 115688 + y. Is o a composite number?
False
Let h = 134 - 232. Let y = -58 - h. Let k = 203 - y. Is k a composite number?
False
Is (50536028/260 - 6/(-13)) + 6/5 a prime number?
True
Let d(z) = 37995*z + 7991. Is d(8) prime?
True
Let z(q) = 47949*q**2 + 167*q - 341. Is z(2) composite?
True
Suppose 35*g = 15332909 + 5825186. Is g prime?
True
Let c be -1494*1/(9/(-12)). Suppose -c = -3*k + 4*b + 2807, -2*k = -4*b - 3202. Is k composite?
False
Suppose 2*b = 5*t - 2*b - 27, 5*t = 5*b + 25. Suppose -1081 - 312 = -t*y. Is y composite?
False
Let o be (-35*(3 + (-215)/75))/(6/1197). Suppose 4*a - 5*c + 1403 = -4284, 2*a + 2846 = 2*c. Let w = o - a. Is w a prime number?
False
Suppose 29*u + 201*u = 2594170. Is u a prime number?
True
Let v be (-93)/(-62) + (-5)/(-2). Suppose -25148 = -2*o + g + 7447, -v*o = -4*g - 65200. Is (-1)/(-4) - o/(-20) composite?
True
Suppose 332*x - 21131112 = 61391804. Is x composite?
True
Is 264995*(5*1/(-10))/((-2)/4) prime?
False
Let p(g) = -2*g**2 - g - 27139. Let q be p(0). Let h = 40920 + q. Is h prime?
True
Suppose 13*n - 371573 - 995289 = 1844151. Is n prime?
True
Let x be -15*(36/4)/(-27). Suppose -4*l + 1121 = -2*u + 3*u, -2*l - 5715 = -x*u. Is u prime?
False
Let i(j) = j**3 + 11*j**2 - 15*j + 27. Suppose -15 = -7*x - 99. Let v be i(x). Suppose -2*y = -v - 1559. Is y prime?
True
Let a = 41271 + -26380. Is a a composite number?
False
Suppose 26*l + 4*d - 6428 = 30*l, 0 = -4*l + d - 6431. Let f = 5249 + l. Is f composite?
True
Let i = 288 - 403. Let q(v) = 48*v + 4004. Let y be q(-79). Let k = i + y. Is k prime?
True
Let g(c) = 3*c**3 + 7*c**2 + 17*c + 9. Let o(l) = -458*l**3 + 3*l**2 - 26*l - 14*l**2 - 14 + 454*l**3. Let z(h) = 8*g(h) + 5*o(h). Is z(4) a composite number?
True
Let p = 45 - 45. Suppose -5 = -2*r + 5*r + 2*x, p = -2*r + 5*x - 16. Let k = 444 - r. Is k composite?
True
Let t(n) = -648*n**3 - n**2 - n + 1. Let i(a)